**2 - 2. Let j(g) = -2*g**2 + 3. Let v(b) = 4*j(b) + 7*z(b). Suppose 2*m - 14 = -5*a - 0, 0 = 3*m - 4*a + 2. Suppose h = m*h. Give v(h).
-2
Let l = 21 - 18. Let z(r) = 6*r - 1. Let i(p) = p. Let x(y) = -3*i(y) + z(y). Determine x(l).
8
Let z = 4 - 2. Let t(y) = 1 + 0*y - 5*y**2 + 7*y**z - 2*y. Give t(1).
1
Let u(w) = 4*w**3 + 16*w**2 - 37*w - 21. Let x(i) = -i**3 - 4*i**2 + 9*i + 5. Let y(f) = 2*u(f) + 9*x(f). What is y(-5)?
-7
Let o(p) = -9*p - 2. Let n be o(-2). Let r = -10 + n. Let u(b) = b**3 - 6*b**2 + b + 8. What is u(r)?
14
Let j(k) = -3*k + 7. Let v(t) = 4*t + 3. Let z be v(7). Suppose -4*x = x + 3*f - z, 3*x = -2*f + 19. Give j(x).
-8
Let y be -6 + 9/3 - -2. Let b(g) = -8*g**3 - 2*g**2 - 2*g - 1. Calculate b(y).
7
Let m(a) = 2*a. Let s(p) = -p**3 - 2*p**2 + p - 4. Let c be s(-3). Let h(r) = -4*r - 1. Let f(u) = c*h(u) + 5*m(u). Let n = -2 - -6. Calculate f(n).
6
Let j(u) = -u**3 - 6*u**2 - 6*u - 2. Let v be j(-5). Let m(d) = 5*d - v*d - d + 2*d + 2. Calculate m(3).
11
Let z = -18 + 14. Let c(d) = d**2 + 5*d + 1. Calculate c(z).
-3
Suppose 5*o - c - 2*c = -28, -2*o = -c + 11. Let j = 14 + -10. Let v(d) = 5*d - 2 + d**2 - j + 2. Determine v(o).
-4
Suppose 0*w = w - 1. Let x(s) = -10*s + 7*s + 3*s + 1 + 4*s**2. Calculate x(w).
5
Let l(f) be the first derivative of f**3/3 + 3*f**2/2 + f + 119. Suppose -2*g - 10 = -4. What is l(g)?
1
Let c be (-1 + 1)/(3/(-3)). Suppose c = -2*r + r - 4. Let y(j) = 3*j + 5. What is y(r)?
-7
Let q = 16 + -4. Let f = q - 8. Let x(m) = -2*m + 18. Let z(i) = -i + 9. Let v(c) = -3*x(c) + 5*z(c). Determine v(f).
-5
Let x(t) = t**2 - 7*t + 5. Let s(l) = 3*l**2 - 15*l + 9. Let u(j) = 2*s(j) - 5*x(j). Determine u(-6).
-1
Let n = -12 - -13. Let s be n + (-4 + 0 - -7). Let h(k) = -k + 5. What is h(s)?
1
Let g(v) = v**3 - 7*v**2 + 7*v - 1. Let u(i) = -i**2 - i + 6. Let o(f) = -f - 1. Let a be o(-6). Suppose -a*d + d = 0. Let t be u(d). Give g(t).
5
Let i(u) = -4*u + 4*u - u + 3. Let z = -6 + 9. Determine i(z).
0
Let d be (2 - -3) + 2/2. Let j(i) = -4*i**2 + i - 1. Let f(u) = 9*u**2 - 8*u + 5. Let w(p) = f(p) + 2*j(p). Calculate w(d).
3
Suppose 0*k + 4*u + 5 = 5*k, -k - 5*u = -30. Let t(f) = f**2 - 10*f + 5. Determine t(k).
-20
Let d be (-12)/(-15)*20/8. Let t(u) = 5 + 0 + d*u - 2*u**2 - 4. Determine t(2).
-3
Let l(f) = -6*f + 4 - f + 0 + 5*f. Calculate l(-4).
12
Let w(l) be the third derivative of l**6/120 + 7*l**5/60 + l**4/12 + 3*l**3/2 - 4*l**2. Give w(-7).
-5
Let s(c) be the second derivative of -5*c**3/6 + c**2/2 - 21*c. Give s(5).
-24
Let g(y) = y. Let r(d) = d**2 - 8*d. Let p(c) = -40*g(c) - 5*r(c). What is p(-1)?
-5
Let d(t) = -t**3 + 0*t - 2*t + 0*t**2 + 3*t**2. Give d(2).
0
Let y(r) be the first derivative of -3*r**4/4 + 4*r**3/3 - 2*r**2 + 2*r + 5. Calculate y(2).
-14
Let b(n) = -3*n**3 + 4. Let m(i) = -2*i**3 - i**2 + 4. Let d(c) = 3*b(c) - 4*m(c). Let g(v) = v**2 + v - 2. Let y be g(2). Calculate d(y).
-4
Let f(g) be the first derivative of g**4/2 - g**3 + g + 12. What is f(2)?
5
Let g(b) = -b**3 + 10*b**2 - 8*b - 7. Let y be g(9). Suppose 6 = -y*m, -5*m - 9 = 3*i + 15. Let n(z) = z - 3. Calculate n(i).
-6
Let q(r) = 2*r**3 - 6*r**2 - r - 6. Let w(s) = 3*s**3 - 9*s**2 - s - 10. Let z(v) = -8*q(v) + 5*w(v). Determine z(4).
-6
Let k(v) = -2*v + 8. Let j be (2 - 5)*3*-2. Suppose a - j = -2*a. What is k(a)?
-4
Let v(k) = k**2 - k + 3. Let t(m) = m**2 - m + 6. Suppose -2*h = 3*h. Let j be t(h). Suppose 0 = -5*p + 3*a + j, -2*a + 4 + 2 = 0. What is v(p)?
9
Let t(v) be the first derivative of 11*v**4/4 + 2*v**3/3 - v**2 + v - 40. Suppose 0 = -0*b - 4*b + 4. Give t(b).
12
Let v(q) be the third derivative of q**5/60 - q**4/4 - 7*q**3/6 + 3*q**2. Give v(6).
-7
Let o(m) = 2*m**3 + m + m**2 + 3*m**3 - 4*m**3. Suppose 0 = -y - 1 - 4. Let l = y - -3. What is o(l)?
-6
Let l(r) = -4*r + 8*r + 0*r**2 + r**2 + 3. Let y be l(-4). Let d(i) = i**3 - 3*i**2 - 1. Calculate d(y).
-1
Let i(r) = -r**2 + 8*r + 1. Let a(s) = 2*s**2 + 6*s - 1. Let u be a(-4). Determine i(u).
8
Let v be 2 - 0 - 4/(-2). Let h(r) be the second derivative of r + r**2 - 1/12*r**4 + 0 + 2/3*r**3. Give h(v).
2
Let l(g) = -6 - 2*g**2 + 4*g**2 - 3*g**2 + 6*g - g. What is l(5)?
-6
Let w(f) = -2*f**3 - 13*f**2 - 6*f + 8. Let r(y) = 3*y**3 + 19*y**2 + 9*y - 12. Let v(d) = 5*r(d) + 7*w(d). Determine v(-3).
-4
Let q(p) = -p**2 + 5*p. Let o = 3 - 3. Suppose -12 = 2*n - 5*m, 5*n + m - 24 = -o*n. Calculate q(n).
4
Let j(i) = -3*i**3 - 6*i**2 - i - 6. Let b(w) = -w**3 - w**2 - 2. Let p(x) = -4*b(x) + j(x). Give p(2).
0
Let z(f) be the third derivative of f**6/24 + f**5/60 + f**4/24 - f**3/6 - 4*f**2. Suppose 0*n + 4*n = -m - 3, 0 = 3*m + n - 2. Give z(m).
6
Let y be 44/10 - 18/(-30). Let l(h) = -h**2 + 7*h - 6. Calculate l(y).
4
Let k(o) = o**3 - 5*o**2 + 4*o + 4. Let x(m) = 6*m**2 - 10*m + 18. Let f(u) = -5*u**2 + 10*u - 17. Let c(r) = -5*f(r) - 4*x(r). Let g be c(9). Calculate k(g).
4
Let z(i) = -3*i - 3. Let n(r) = r + 1. Let o be n(2). Let u(s) = s - 8. Let j be u(o). Calculate z(j).
12
Let l(i) be the second derivative of i**5/20 - 3*i**4/4 - i**3/3 + 6*i**2 - 2*i + 11. Give l(9).
-6
Let v(i) = -3*i**2 - 5*i - 4*i**2 + 3*i**2 + 5*i**2. Determine v(6).
6
Suppose t + 5 = 5*r, 5*r - 4*r = 5*t + 25. Let k(u) = 5*u - 5 - 6*u - 6 + 2. Give k(r).
-9
Let c(p) = 0 + 1 + 0 + 4*p + 0. Let a(d) = -3*d - 2. Let s(h) = 3*a(h) + 2*c(h). Give s(-5).
1
Let y(h) = 8*h**3 - 2*h**2 + 5*h - 5. Let c(m) = -3*m**3 + m**2 - 2*m + 2. Let n(b) = -11*c(b) - 4*y(b). Determine n(2).
-2
Let t(z) = 3*z**2 - 3*z. Let m be (-4)/6*(-27)/6. Suppose -p - 6 = -m*p. Suppose -1 = p*d - 7. Calculate t(d).
6
Let r(g) = 5*g - 8*g - 5 + 2. Suppose 12 = -4*k - 0. Give r(k).
6
Let k be ((-3)/9)/((-3)/90). Let f = -4 + k. Let l(j) = j**3 - 6*j**2 - 3*j + 9. Calculate l(f).
-9
Let l(w) = -2*w - 4. Let t(c) = 4*c**3. Let r be t(-1). Let h be l(r). Let y(u) = 3*u + 5*u**2 + 0*u - h*u. Calculate y(1).
4
Let u(d) = -3*d + 1. Let j be u(-1). Let q(n) = -1 + 0 - 3 - 3*n + 4*n. What is q(j)?
0
Let q(v) be the second derivative of 7/6*v**3 + 5/2*v**2 + 1/20*v**5 + 6*v + 0 + 1/2*v**4. Determine q(-5).
-5
Let y(v) be the first derivative of -1/24*v**4 - v**2 - 1/60*v**5 + 5/6*v**3 + 2 + 0*v. Let a(t) be the second derivative of y(t). What is a(0)?
5
Let y(g) = -3*g**3 - 9*g**2 + 7*g + 11. Let x(q) = q**3 + q**2 + q - 1. Let a(v) = -2*x(v) - y(v). Let h be a(-8). Let o(z) = 1 + 2 + 3*z - 4. Calculate o(h).
-4
Let x(u) = 2*u + 12. Let w(r) = -5*r - 23. Let c(j) = 3*w(j) + 7*x(j). Determine c(0).
15
Let t(s) be the third derivative of -s**7/840 + s**6/90 - s**5/40 - s**4/12 - s**3/3 - s**2. Let a(r) be the first derivative of t(r). What is a(3)?
-2
Let f(q) = -q + 2*q**2 + 4*q - 4*q**2 + 3 + 3*q**2. Give f(-3).
3
Let n be (-8)/(-28) + (-12)/(-7). Let d(o) be the second derivative of o**4/12 - o**3/6 - o**2/2 - 5*o. What is d(n)?
1
Let i(p) = 2 + 5*p - 1 - 3 + 3. Suppose -4*m = -9*m - 10. Calculate i(m).
-9
Let n(i) = -3*i + 6. Let a be n(4). Let f = -4 - a. Let w be 74/(-14) + f/7. Let h(l) = l**2 + 5*l - 2. Determine h(w).
-2
Let f(q) be the second derivative of 0 - 2*q + 1/10*q**5 - 1/6*q**3 + 0*q**4 + 0*q**2. Suppose 5*i + 0*i = 5. Give f(i).
1
Let u(i) = -4*i + i - 2*i + 4*i. Let j(m) = -6*m + 2. Let l(b) = -j(b) + 8*u(b). Calculate l(3).
-8
Let c(d) = -12*d - 5. Let l(u) = 23*u + 9. Let n(x) = 11*c(x) + 6*l(x). Let p(k) = -2*k - 41. Let g be p(-20). What is n(g)?
-7
Let c(y) = y**2 + 11. Let b(u) = -4. Let j(t) = 8*b(t) + 3*c(t). Determine j(-1).
4
Suppose 2*l = 2*m - 1 - 3, l = -5*m + 10. Let w(j) = -2*j + 4 - m + j. Let r = -115 + 120. Determine w(r).
-3
Let r = 8 - 13. Let u(o) = -o**2 + 7*o + 2. Let v(s) = 2*s**2 - 7*s - 2. Let w(c) = 3*u(c) + 2*v(c). Let h(k) be the first derivative of w(k). Calculate h(r).
-3
Let h(x) = 54 - 7*x + 49 - 105 + x**2. Calculate h(9).
16
Let j = -7 - -4. Let d(c) be the first derivative of c**2/2 + 2. Determine d(j).
-3
Let n(l) = -4 + 0 - l + l**3 + 0 + 5*l**2 - 1. Let m be n(-5). Let f(s) = s**2 - 6. What is f(m)?
-6
Let j = -16 + 4. Let i = j + 14. Let b(l) = l + 1. Determine b(i).
3
Let c be 2/(-4) - 39/(-6). Let q(u) = 2*u - 3. What is q(c)?
9
Let i(v) = 2*v**2 - 3*v - 4. Let m be i(3). Suppose -m*l + 15 = 5. Let h(r) = -2*r**2 + r + 1. Calculate h(l).
-5
Let q(g) = -4*g**2